ose -89*g + 512 = -81*g. Calculate the greatest common factor of d and g.
16
Let x(c) = -6*c**3 - 4*c - 3. Let q be x(-3). Let b = -6 - -6. Suppose b = -2*o + 3*o - 19. What is the highest common factor of o and q?
19
Let k(t) = 3*t + 14. Let r(a) = -4*a - 13. Let b(q) = 5*k(q) + 4*r(q). Let g be b(14). Suppose -48 = -6*d + 3*d. What is the highest common divisor of g and d?
4
Let o be (0 - -667)/((2 + -5)/(-3)). What is the highest common factor of o and 116?
29
Suppose -2*a + 42 = -5*w, -a - 2*w = -4*w - 20. What is the greatest common factor of 40 and a?
8
Let a = -1 + 11. Let t = 96 - 26. What is the greatest common divisor of a and t?
10
Suppose -4*v + v - 3 = 0, 4*r = v - 11. Let l be 7/(7/r) + 143. Calculate the greatest common factor of 20 and l.
20
Suppose 0 = -11*z + 65 + 540. Let p = 7 - 5. Let s be (-36)/(-15)*z/p. Calculate the highest common factor of 6 and s.
6
Suppose -3*v = a - 5*v - 14, -9 = 4*a + 5*v. What is the highest common factor of a and 38?
2
Let i(d) = 8*d + 2. Let t be i(5). Suppose 21*q = 23*q. Suppose q*v - 2*v + 26 = -5*u, -t = -5*v + u. What is the highest common factor of 16 and v?
8
Let z(f) = 2*f**2 + 11*f + 6. Let b be z(-6). What is the greatest common divisor of 276 and b?
12
Let q = -265 + 339. What is the greatest common factor of 185 and q?
37
Let u be 12/3 - (-141 - -26). What is the greatest common factor of u and 170?
17
Suppose 2*c - 66 - 44 = -2*x, 2*c - 164 = -3*x. Let n be 45/20 + -2 + x/8. Calculate the highest common factor of 42 and n.
7
Let q = 391 + -303. What is the highest common divisor of 88 and q?
88
Let d = 67 + -16. Suppose 0 = -4*y - p - 4*p + 93, -3*y - p + 56 = 0. Calculate the greatest common divisor of y and d.
17
Let l(h) = 7*h - 24. Let b(i) = -i**3 + 16*i**2 - 17*i + 37. Let p be b(15). Let d be l(p). What is the greatest common divisor of d and 20?
5
Suppose -2*o + 4*o = 64. Let b(q) = q**3 - 10*q**2 + 23. Let s be b(11). Suppose -39*k - s = -42*k. Calculate the highest common factor of o and k.
16
Let a = -189 - -267. What is the greatest common divisor of 195 and a?
39
Suppose 0 = 9*o - 2219 + 734. Calculate the greatest common divisor of o and 55.
55
Let f = -307 + 450. What is the highest common factor of f and 44?
11
Let j(k) = 27*k + 1. Let h be j(3). Let v be ((-533)/(-13))/((-2)/(-10)). Calculate the highest common factor of h and v.
41
Suppose -56*m = -38*m - 1260. Calculate the highest common divisor of m and 224.
14
Let n = -339 - -352. What is the highest common factor of 169 and n?
13
Let x be (-2380)/14*(-3)/5. Calculate the highest common factor of x and 68.
34
Let j(h) = -h**3 + h - 1. Let c be j(-2). Let k be -4*2 - (-1 - -1). Let o be 3*(6/(-2) - k). What is the highest common factor of o and c?
5
Let k be ((-225)/72)/(2/(-16)). What is the greatest common factor of k and 25?
25
Let h = -133 + 229. Calculate the highest common divisor of 120 and h.
24
Suppose 5*h + 2*s - 170 = 0, -10*h - s + 69 = -8*h. What is the greatest common divisor of h and 136?
8
Suppose 0 = -20*v - 32 + 252. Calculate the greatest common divisor of 2200 and v.
11
Suppose -12*l + 49*l - 8991 = 0. What is the greatest common divisor of l and 54?
27
Suppose -3*y - 1 = b - 0*b, 0 = 4*y + 4. Suppose -4 - b = -2*a. Let x = a - 2. Calculate the greatest common divisor of 10 and x.
1
Suppose -380 - 10 = -26*x. Calculate the highest common factor of x and 105.
15
Let t(n) = -9*n - 17. Let f be t(-3). What is the highest common factor of f and 710?
10
Let d be 6696/21 + 13/91. Calculate the highest common factor of d and 55.
11
Let i = -224 - -246. What is the highest common divisor of 99 and i?
11
Let c be (-2 - 42/(-8))/(205/8200). What is the greatest common factor of 156 and c?
26
Let t(m) = -m**3 - 5*m**2 + 6*m - 8. Let v be t(-8). Let s be 8/28 - v/(-14). Let k be 12*1780/(-267)*2/(-16). What is the highest common factor of k and s?
10
Suppose -4*o + 17 = o + 2*s, -o + 3*s = 0. Suppose -1 = o*w + 5*y, -y - 5 = -3. Let k be ((-7)/w)/((-4)/12). Calculate the greatest common divisor of k and 1.
1
Let c be (8/(-8))/((-1)/(0 - -2)). Suppose c*w = -8*w + 220. Let a(s) = s**2 - 3*s - 6. Let v be a(-4). What is the greatest common factor of v and w?
22
Let p be 0 - (-28)/6*-3. Let s = -7 - p. What is the highest common factor of s and 7?
7
Suppose -7*j + 6*j + 8 = 0. Suppose -j - 28 = -4*n. Suppose -4*d + 5 = 2*l - 1, -l + d = -n. What is the greatest common factor of 14 and l?
7
Let a = 93 + -90. Suppose -3*i - 3*d + 215 = -2*d, -3*i + 219 = -a*d. What is the greatest common factor of 9 and i?
9
Let t be 8 - -6*(-5)/(-15). What is the greatest common divisor of t and 160?
10
Let s be (-128)/(-12) - 11 - (-1406)/6. Calculate the highest common divisor of s and 30.
6
Let a(b) = -b + 3. Let f be a(1). Suppose 3*p - 110 = -2*p + 2*r, -f*r = -3*p + 70. What is the highest common factor of 180 and p?
20
Suppose -364 = -2*u - 0*u. Let a = u - 20. What is the highest common factor of a and 18?
18
Suppose -19 - 237 = -4*p. Let n(v) = 2*v**2 - 2*v + 4. Let k be n(2). What is the highest common divisor of k and p?
8
Let l = -12 - -16. Suppose 2*x = 5*c - 54, -l*c = 3*x - 2*x - 38. Let k(u) = -u + 9. Let q be k(5). Calculate the highest common factor of c and q.
2
Suppose 3*k + 4 = 5*v, k + 4*v = 2*v - 5. Let q = k - -48. Calculate the greatest common factor of 15 and q.
15
Suppose -14 = -4*q + h + 34, 4*h - 16 = 0. Suppose 5*f - j = 69, -3*f + 12*j + 114 = 27. Calculate the greatest common divisor of f and q.
13
Let g(r) = r**3 + 6*r**2 - 8*r + 3. Let z be g(-7). Let p(j) = 6*j - 98. Let i be p(28). Calculate the highest common divisor of i and z.
10
Let a be ((-8)/1 - -53)*10. Calculate the highest common factor of 15 and a.
15
Let z be 4856/32 - (-6)/(-8). Suppose 153*c - 30 = z*c. Calculate the greatest common factor of 35 and c.
5
Let t = 186 + -81. Suppose 3*d + 2*k + t = 0, -42 = 2*d - 4*k + 28. Let w = d - -36. What is the greatest common factor of 3 and w?
1
Suppose 4*c = 2*u - 32, -5*u - 2*c = -22 - 10. Suppose v - 4*d - 18 = 0, 3*d + 20 = 3*v + u*d. What is the highest common divisor of v and 40?
10
Let g be (-2)/(-9) + 136/36. Suppose -515 + 159 = -4*i - g*s, -5*i = s - 449. Let t = i - 54. Calculate the highest common divisor of 12 and t.
12
Let n = -61 + 65. Let h be 1*9*(-1)/3. Let x be -1 + (-44)/(-7 - h). Calculate the highest common divisor of x and n.
2
Let i(w) = w**2 + 11*w + 13. Let n be i(-9). Let x be 1*2 - (n - -11). Let v be x/10 + (-152)/(-5). What is the greatest common divisor of v and 45?
15
Suppose f + 5*u = 2*f - 45, u = -f + 33. Suppose 0 = -3*d + 4*n + 14, -5*d - 3*n = 2*n - f. What is the highest common divisor of d and 54?
6
Suppose 20 = -3*k - 37. Suppose 809*t + 65 = 804*t. Let w = t - k. Calculate the highest common divisor of 48 and w.
6
Suppose 0*b - 34 = -3*b + 5*c, 5*b = -4*c + 106. Suppose -15*h - 3 = -b. What is the greatest common factor of 7 and h?
1
Suppose -5*y = 4*p - 855, 81*p + 185 = y + 79*p. Calculate the highest common divisor of 14 and y.
7
Suppose -t = 3, 3*o + 11 = 4*t + 158. Let y = 710 + -705. What is the highest common factor of o and y?
5
Let n(x) = x**2 - x. Let d(z) = -2*z + 4. Let m(k) = d(k) + n(k). Let v be m(-4). What is the highest common divisor of 160 and v?
32
Suppose -5*d + 0 = 5. Let a be 38*((-4)/(-8) + d). Let i = 110 + a. Calculate the highest common factor of i and 13.
13
Let l be (0 - 6)*(-1 + 2). Let n = 45 + l. What is the highest common divisor of 195 and n?
39
Let j = -351 + 395. Calculate the highest common divisor of 297 and j.
11
Suppose 5*t + 5*m - 8 - 32 = 0, -t + 4*m = 7. Suppose 0 = 4*b - b - 120. What is the highest common divisor of b and t?
5
Let a(f) = f**3 - 13*f**2 + 44*f - 32. Let c be a(3). What is the highest common factor of 11 and c?
1
Let s be (-34)/(-7)*(-22148)/(-56). Calculate the highest common divisor of 113 and s.
113
Suppose 14*v + 4*v = 414. Calculate the highest common factor of 1 and v.
1
Suppose -3*p + 628 = -4*f, -2*f = -3*p + 392 + 228. Let l = p - 112. What is the highest common factor of 23 and l?
23
Suppose 0 = -2*r - 0*r. Suppose -4*o + 33 + 27 = r. Let f be 43/3 + 2/3. What is the greatest common factor of f and o?
15
Let o(w) = 45*w**2 + 7*w - 1. Let h be o(-2). Calculate the highes